 - a)?
6
Let x(h) = 74*h**2 + 4*h + 4. Let w be x(-3). Let p = w + -66. Suppose 3*u + p = 4*t - u, -153 = -t + 2*u. What is the tens digit of t?
4
Let y be ((-3 - -1) + (-25)/(-10))*0. Let m(k) = -k**3 - 8*k + 823. What is the tens digit of m(y)?
2
Suppose -14*o - 393 + 2115 = 0. Let x = o - 31. What is the tens digit of x?
9
Let b(m) be the first derivative of -m**4/6 - 2*m**3 - 5*m**2 + 6*m + 17. Let j(r) be the first derivative of b(r). What is the units digit of j(-4)?
6
Suppose b - 20*a + 24*a = 5410, -3*b = a - 16274. What is the thousands digit of b?
5
Let n = -2956 - -2951. Suppose t = 13 + 37. What is the tens digit of 1/n + 5110/t?
0
Let f(s) = 3*s - 6. Let o be f(3). Suppose t - 546 = -70. Suppose a - t = -o*a. What is the hundreds digit of a?
1
Suppose 0 = 3*c - 2*j - 11, -c + 4*j + 2 = 3*j. Suppose -c*h = h - 4*h. Suppose -3*m + 2*q + 45 + 227 = 0, 3*m + 5*q - 244 = h. What is the units digit of m?
8
Let w(u) = 2*u**2 + 15*u + 8. Let g be w(7). Let c = g + -60. What is the units digit of c?
1
Suppose -4*y - 22 - 14 = 0. Let j(l) = l**2 + 6*l - 7. Let n be j(-6). What is the units digit of 12/4*3/y*n?
7
Suppose 3428271 = l + 186*l. What is the units digit of l?
3
Let n = -9615 - -14571. What is the thousands digit of n?
4
What is the ten thousands digit of (-3539 - (-10)/80*-12)*-6?
2
Suppose -7*d - 12*d + 97*d - 567528 = 0. What is the hundreds digit of d?
2
What is the ten thousands digit of 3/5 + 2948799/35?
8
Suppose -4 = 8*p - 12. Let b be p*(2 - -2) - -19. Suppose -b = -s + 7. What is the tens digit of s?
3
Let i be (-49)/(-14) + 1/(-4)*2. Suppose -b + 0*b + 76 = -l, -2*l + i*b = 151. Let r = 14 - l. What is the units digit of r?
1
Let p = -34 + 33. Let k(c) = -138*c**3 - 2*c**2 - 3*c - 1. Let m be k(p). Let a = m + -48. What is the tens digit of a?
9
Let g(j) be the second derivative of 0 - j**2 + 25*j + 61/3*j**3. What is the tens digit of g(1)?
2
Let o(r) = r**2 - 2 - 1 - 3 - 5*r. Let j be o(6). What is the tens digit of (-15)/(-6)*(j - -6)?
1
Suppose -4*j - 5*g = -120, 5*g = -5*j + 49 + 101. Suppose -j*o + 567 = -23*o. Let l = -65 + o. What is the units digit of l?
6
Let r(a) = 559*a**2 + 10*a + 28. What is the ten thousands digit of r(-5)?
1
Suppose 3 - 24 = -3*f, -141883 = -5*a + f. What is the thousands digit of a?
8
Let p(j) = j**2 + 11*j - 10. Let x be p(8). Suppose -88 = -z - 4*n + x, n = 0. What is the hundreds digit of z?
2
Let y(w) = -2*w**3 - 15*w**2 - 5*w + 9. Let t be y(-7). What is the tens digit of (-190 - (-4 - t))*-1*1?
9
Let t = -10171 + 18774. What is the thousands digit of t?
8
Suppose -10*n = 735 + 715. Let m = n + 398. What is the hundreds digit of m?
2
Suppose -5055 = 20*h - 33755. What is the hundreds digit of h?
4
Let f = -40 + 42. Suppose v + 5*h - 7 = 0, -f*h = -3*v + 2*v - 14. Let i(t) = -t**2 - 13*t - 1. What is the units digit of i(v)?
9
Let j(b) = 9*b + 5*b + 15 - 6*b. Let r be -3 + (-36)/(-15) + 28/5. What is the tens digit of j(r)?
5
Let p(r) = 520*r - 607. What is the thousands digit of p(11)?
5
Suppose 47*b = 42*b + 10. Suppose 6*o - 3728 = -b*o. What is the units digit of o?
6
What is the units digit of -40*19/76 - (-505 - 1)?
6
Let p = 12 + 0. Suppose -p*d + 90 = -2*d. What is the tens digit of d*(24/60 - 13/(-5))?
2
Suppose -37*u - 2004 = -49*u. Let s = 9 + -13. Let t = u + s. What is the hundreds digit of t?
1
What is the hundreds digit of (-45960)/((-406)/(-28) + -16)?
6
Let g = -12287 + 30434. What is the hundreds digit of g?
1
Let r(x) = x**3 - 4*x**2 + 2*x - 6. Let t be r(4). Suppose 3*u + 2*y - 46 = 0, 15*y = 5*u + 9*y - 86. Suppose -u = -t*q + 130. What is the units digit of q?
3
Suppose -6*i = -15*i - 360. Let y = i - -42. What is the tens digit of 30/(-12) + 4 - (-133)/y?
6
What is the hundreds digit of (-8)/((-64)/40) - (-2744 + -3)?
7
Let r = -2041 - -4288. What is the hundreds digit of r?
2
Suppose 4*d + w + 84 = 5*d, 3 = -w. Let b(l) = 2*l**3 - 9*l**2 + 11*l - 12. Let c be b(6). Let i = c - d. What is the tens digit of i?
8
Let z be (-2 - 32/24)*12/(-10). Let o be 13/z + 19/(-76). Suppose -4*k - 136 = -d + 29, 495 = o*d - 5*k. What is the hundreds digit of d?
1
Let g(m) = 24*m + 1065. What is the thousands digit of g(7)?
1
Suppose -23*m - 15*m = -9*m - 143898. What is the hundreds digit of m?
9
Let f = -573 + 1512. Suppose 5*j - f = 6566. What is the units digit of j?
1
Let w be (0 + (-66)/(-9))/((-16)/(-24)). Suppose -4*c - w = -31. Suppose 135 = 5*l + 3*d, l - c*d - 115 = -2*l. What is the tens digit of l?
3
Let r be (-216444)/(-255)*5/2. Suppose -12*g + r = 106. What is the units digit of g?
8
Let q(z) = z + 1. Let l(j) = 103*j + 22. Let y(t) = l(t) - 5*q(t). Let i be y(6). Suppose -x - 4*x + i = 0. What is the tens digit of x?
2
Suppose -296*o + 300*o - 668 = 0. What is the units digit of o?
7
Let m be (-78)/(-14) + (-33)/(-77). Suppose m*h = 612 + 354. What is the hundreds digit of h?
1
Let m(q) = 6*q**2 + 33*q + 5. Let s be m(-18). Suppose 0 = -3*f + 12, 4*y + 3*f - 121 - s = 0. What is the hundreds digit of y?
3
Suppose 4*c - 26850 = -2*m, 26768 = -3*m + 5*m - 37*c. What is the ten thousands digit of m?
1
Suppose 73 = -s + 77. Suppose k - 849 = -s*k + 3*d, k - 171 = d. What is the units digit of k?
8
What is the units digit of (26000/1560)/(1 + (-3)/(54/14))?
5
Let d(i) = 8*i**2 + 3*i + 7. Let n = 254 - 258. What is the units digit of d(n)?
3
Suppose 0 = -3*c + 16 - 13. Let t be c + (-12)/(-3) + -1. Suppose 3*d + 2*d = -3*h + 231, -h + 77 = t*d. What is the tens digit of h?
7
Suppose 100454 = 4*l + u - 132773, 2*u - 291536 = -5*l. What is the thousands digit of l?
8
Let s = -265 + 821. Let b = 230 + s. What is the hundreds digit of b?
7
Let g(k) = k**3 - 3*k - 173. Let l be g(0). What is the units digit of 36/42*7*l/(-3)?
6
Suppose -4*k - 338*b = -341*b - 57814, -k + 3*b = -14467. What is the tens digit of k?
4
Suppose 3*j - 2*z - 101727 = 0, 5*j + z - 169541 = 5*z. What is the tens digit of j?
1
Let x = -32712 + 50362. What is the units digit of x?
0
Let d be 1*25*-6*(-96)/30. Suppose -d - 12 = -6*z. What is the units digit of z?
2
Let m(v) be the third derivative of -v**6/12 - v**5/15 - v**4/2 - v**3/2 - 51*v**2 + 2. What is the hundreds digit of m(-4)?
6
Suppose -16 - 32 = 12*q. What is the hundreds digit of 1/q + -7 + 37832/32?
1
Suppose -37*q = 31*q + 3*q - 2989455. What is the tens digit of q?
0
Let d(i) = -4*i**3 - 6*i**2 - 3*i + 12. Let u(m) = 3*m**3 + 5*m**2 + 5*m - 12. Let y(q) = 2*d(q) + 3*u(q). What is the hundreds digit of y(4)?
1
Let j(p) = 115*p**2 - 3*p + 5. Suppose 16*y - 46 = -7*y. What is the hundreds digit of j(y)?
4
Let j(i) = -1282*i - 12. Let v(u) = -5*u + 29. Let g be v(6). What is the hundreds digit of j(g)?
2
Let z be (1 + 8)/(87/145). Let d(i) = 2*i**2 + i + 35. What is the units digit of d(z)?
0
Suppose -3*u + 2*l = -2238, -492 + 1238 = u + l. Suppose -3*t = 110 - u. What is the units digit of t?
2
Let f be 1104/64*(-8)/(-6). Suppose 248 = -f*h + 24*h. What is the hundreds digit of h?
2
Let w be ((-2)/(-1))/2*-73. Let c = 55 + w. What is the units digit of (-306 - -1)*c/45?
2
Suppose -2*v + 6 = 0, -2*u = -0*u + 4*v - 26. Suppose 3*i - 2280 = -u*i. What is the units digit of i?
8
Suppose -3*c = 12 - 21. Suppose 0 = 4*m - y - 547, -91 = -m - c*y + 62. Suppose -8*u + m = -1774. What is the tens digit of u?
3
Let k(c) = 10*c**3 + 9*c**2 - 9*c - 8. Let x(l) = -21*l**3 - 19*l**2 + 19*l + 18. Let t(u) = 7*k(u) + 3*x(u). What is the tens digit of t(3)?
2
Suppose -409 - 655 = 2*t. Let r = 1032 + t. What is the units digit of r?
0
Suppose -3*n + 3*n - 35472 = -8*n. What is the thousands digit of n?
4
Suppose 6*f + 254 = 866. Let s = 189 - f. What is the tens digit of s?
8
Let j = -75 + 78. Let h be (-197 - 1)/j + -2. Let o = h + 190. What is the tens digit of o?
2
Let g = 50 + -50. Suppose g*p + p - 1 = 3*n, 5*n = 5. Suppose p*a + 134 = 2*r, r - 63 = a + 2*a. What is the units digit of r?
5
Let o(y) be the second derivative of -5*y**3 - 53*y**2/2 + y + 5. What is the units digit of o(-13)?
7
Let k(i) = -11157*i - 14. What is the hundreds digit of k(-1)?
1
Suppose 5*t + 0*v + 2*v + 394 = 0, 0 = -4*t - v - 317. Let l = 477 + t. What is the hundreds digit of l?
3
Let g(n) = -151*n**3 + 7*n**2 + 10*n + 8. Let s(b) = b**3 - b + 4*b**3 + 4 - b**2 - 